he remainder when s(-2) is divided by 8.
4
Let f(l) = 44*l + 2. Let n be f(2). Suppose 146 = -h + 4*h + 4*v, 2*h = v + n. What is the remainder when h is divided by 16?
14
Let p be ((-1)/1)/(-1) + 3. Suppose -p*o + 93 = -7. Calculate the remainder when o is divided by 7.
4
Let d(f) = f + 29. Calculate the remainder when d(-18) is divided by 9.
2
Suppose -4*a - z + 33 = -6*z, 3*z = 2*a - 15. Let r = -70 + 117. Calculate the remainder when r is divided by a.
11
Suppose -c - 4*o + 74 = 0, 5*o + 314 = 4*c + 3*o. Let d = c - 47. Calculate the remainder when 90 is divided by d.
28
Suppose 4*g - 3*s - 68 = 0, -2*g + 51 = g - 5*s. Suppose 130 - 19 = 3*b - 3*h, -58 = -2*b - 2*h. What is the remainder when b is divided by g?
16
Suppose -5*w + 114 = 2*t + 21, 22 = 2*w - 3*t. Suppose -3*h = 5*z - 31, -5*h + z + z = 0. Suppose h*d - 67 = 31. What is the remainder when d is divided by w?
15
Let x = -18 + 31. Calculate the remainder when (0 + 74)*(-1)/(-2) is divided by x.
11
Calculate the remainder when (-3)/6 - (-10)/4 is divided by 2.
0
Let g be (-5)/20 - (-9)/(-12). Let f = 5 - g. What is the remainder when (-20)/(-6)*6/2 is divided by f?
4
Suppose 0 = -j - n + 9, 5*n = 3*j - 19. What is the remainder when 15 is divided by j?
7
Let a(u) = 7*u - 7. Suppose 2*f - m = -3*f + 78, 0 = 2*f + 2*m - 24. What is the remainder when a(7) is divided by f?
12
Suppose k + 3*p - 9 = 0, -k + 9 = -3*p - 0. Suppose 10*y - 11*y + 24 = 0. What is the remainder when y is divided by k?
6
Let z = -35 + 72. Calculate the remainder when z is divided by 13.
11
Let o(v) = -2*v - 1. Let t be o(5). Let a be (-10)/3*(t + 5). Let d = a - 9. Calculate the remainder when 20 is divided by d.
9
Let y be (2 - (-9)/(-6))*16. Let l = -7 - -12. Calculate the remainder when (y/(-6) + -3)*-3 is divided by l.
3
Suppose 0 = 4*z - 7*h + 2*h + 156, -152 = 4*z - 4*h. Let y = 53 + z. Calculate the remainder when y is divided by 10.
9
Let b(d) = d**2 + 2*d + 6. Let u be b(9). Suppose -4*q + u = q. Calculate the remainder when q is divided by 6.
3
Suppose -4 = z - 1, -o = 5*z + 3. What is the remainder when o is divided by 4?
0
Let h(u) = 0 - 4 - 8 + 3 + 5*u. What is the remainder when h(4) is divided by 7?
4
Suppose -5*v + 6 = -2*v. Let n(j) = -j**2 + 5*j + 2. Let w be n(5). Suppose w*u = -0*x - x + 7, -5 = -u - x. Calculate the remainder when u is divided by v.
0
Suppose -4*i + 49 = -i - 5*p, -i = 2*p - 9. What is the remainder when (2 + (-32)/6)*-15 is divided by i?
11
Let v(t) = 14*t**2 + 5*t - 18. Calculate the remainder when v(3) is divided by 31.
30
Suppose 3*g = -3*f + 117, 0 = -f - 3*g + 51 - 8. What is the remainder when f is divided by 20?
17
Let p = -44 + -7. What is the remainder when 2 - (p/1 + 1) is divided by 18?
16
Let g(s) = -s**2 + 8*s - 4. Suppose j = 2*j + 6. Let w(h) = -h**3 - 6*h**2 - h - 3. Let i be w(j). What is the remainder when 41 is divided by g(i)?
8
Let h(j) = -j**3 + 5*j**2 + 6*j - 6. Let k be h(5). Let r = -11 + k. Calculate the remainder when 24 is divided by r.
11
Suppose 2*p - 23 + 3 = 0. What is the remainder when 98 is divided by p?
8
Suppose -7 + 1 = -3*q. Suppose -q*w + w = -23. What is the remainder when 90 is divided by w?
21
Let r(d) = d**2 + 3*d - 21. Calculate the remainder when 72 is divided by r(5).
15
Let o(r) = -r**3 - 15*r**2 - 5*r - 10. Let b = 19 + 3. Calculate the remainder when o(-15) is divided by b.
21
Calculate the remainder when 476/6 + (-4)/(-6) is divided by ((-525)/(-4))/5 - 3/(-4).
26
Suppose 14 - 2 = 2*d. Calculate the remainder when d is divided by (4*6/(-4))/(-2).
0
Let f = 33 + 45. Calculate the remainder when f is divided by 20.
18
Let m = -75 - -146. What is the remainder when m is divided by 24?
23
Calculate the remainder when 2/6 - (-1144)/24 is divided by 17.
14
Let j = 3 + 18. Calculate the remainder when j is divided by 6.
3
Suppose 2*y + 3*y = 5. Suppose -r = -y - 6. Calculate the remainder when 27 is divided by r.
6
Let i(p) = -p**3 + 6*p**2 + 8. Let z(x) = x**3 + 5*x**2 - 8*x - 5. Let f be z(-6). Let v = -1 + f. What is the remainder when i(v) is divided by 3?
2
Suppose 12*t - 345 = 471. What is the remainder when t is divided by 14?
12
Suppose 93 = -2*m + 103. What is the remainder when 69 is divided by m?
4
What is the remainder when 222/8 + (-7)/(-28) is divided by 17?
11
Suppose 5*r = 2*j - 44, -45 = -3*j + 3*r - 6*r. Calculate the remainder when j is divided by 5.
2
Suppose -3*d = -d + 18. Let t = d - -25. Calculate the remainder when 61 is divided by t.
13
Let u be 5/15 + (-298)/(-6). Suppose -4*h = 3*k + 12 - u, 5*h = 4*k + 63. Calculate the remainder when 20 is divided by h.
9
Let t(h) = -2*h - 2. Calculate the remainder when t(-5) is divided by 6.
2
Suppose -3*d = 2*x - 49 - 52, 0 = -4*d + 3*x + 163. What is the remainder when 72 is divided by d?
35
Let v = 130 - 80. Let h(a) = 7*a**2 - 2. Let k(z) = z**3 - 15*z**2 + z + 5. Let c(s) = -7*h(s) - 3*k(s). What is the remainder when v is divided by c(-2)?
11
Let g(u) = u - 6. Let x be g(7). Suppose x - 7 = -2*v. What is the remainder when v is divided by 1?
0
Let f be ((-35)/2)/((-1)/(-2)). Let d = 68 + f. What is the remainder when d is divided by 12?
9
Suppose -33*v + 36*v = 45. What is the remainder when 27 is divided by v?
12
Suppose 3*h + 8 = 3*k + 2*h, 2*k = 2*h. Suppose 0 = k*z - 79 + 19. Calculate the remainder when z is divided by 4.
3
Let g = 56 + -8. Suppose 5*t + 2*b - 18 - g = 0, 0 = -4*t + 4*b + 36. Let n = -5 + 12. Calculate the remainder when t is divided by n.
5
Let r be -85*1 - 0 - -2. Let n = -57 - r. Let i = -17 + n. What is the remainder when 16 is divided by i?
7
Let p = 8 - 7. What is the remainder when 1 is divided by p?
0
Suppose 13*q - 570 = 7*q. What is the remainder when q is divided by 50?
45
Suppose 3 + 3 = 3*t. Suppose t*k - 7*k = -5*i - 110, 2*k + 2*i = 48. Calculate the remainder when k is divided by 9.
5
Suppose -5*a + 0*a + 40 = 0. Let n(z) = -z**2 + 10*z - 10. Calculate the remainder when (-3 + (-60)/(-3))*1 is divided by n(a).
5
Suppose 5*q - 5 - 94 = x, 4*q - 92 = 4*x. Let k(h) = h**3 - 6*h - 3. Calculate the remainder when k(4) is divided by q.
18
Let o(v) = -v**3 - v**2 + v + 2. Suppose 0 = 3*n - c + 5, 5*c - 38 + 13 = -n. What is the remainder when o(n) is divided by 2?
0
Suppose 0 = -7*s + 329 + 455. Calculate the remainder when s is divided by 23.
20
Suppose z + 2*z = -54. Let q = -9 - z. Calculate the remainder when 25 is divided by q.
7
Suppose 131 = 5*n + 5*f - 3*f, 0 = -3*n - 4*f + 73. Calculate the remainder when 78 is divided by n.
24
Let c(y) = 5*y + 1. Let a be c(1). Let x(m) = 6*m + 9. What is the remainder when x(a) is divided by 23?
22
Let v = 132 - 31. Suppose -307 = -0*b - 3*b - 4*c, b + c - v = 0. What is the remainder when b is divided by 25?
22
Let f be -2*3/(1*-3). Suppose 2*n = -2*b + 24, f*b - 25 = -3*b. What is the remainder when 318/14 - (-2)/n is divided by 12?
11
Let b(a) = 4*a. Let s = 62 - 40. Suppose d - s - 25 = 0. What is the remainder when d is divided by b(4)?
15
Let f(c) = -7*c + 1. Let p = 0 - -2. Suppose v - 24 = -p*v. Calculate the remainder when f(-2) is divided by v.
7
Suppose l + l = 8. Calculate the remainder when (-14)/(-3)*(-3)/(-2) is divided by l.
3
Let x(k) = -k**3 + 10*k**2 - 4*k - 13. Suppose 12 = 2*u + 3*y, 5*u - y + 4*y - 21 = 0. Let o = 14 - u. Calculate the remainder when x(9) is divided by o.
10
Suppose -5*t - 16 = -56. What is the remainder when t is divided by (-1 - -2) + -20 + 21?
0
Suppose -2*v = -11 - 1. Calculate the remainder when 23 is divided by v.
5
Let w(t) = 2*t**2 + 7*t - 2. Let c be (-1)/2*(14 - 4). Calculate the remainder when 38 is divided by w(c).
12
Suppose 0*g + 3*g - 15 = 0. Suppose g*y - 55 = 5*j, -5*j - 33 = -3*y - j. What is the remainder when 41 is divided by y?
8
Suppose -4*g + 44 + 133 = 5*h, g - 135 = -4*h. Calculate the remainder when h is divided by 12.
9
Let g(p) = -13*p**3 + 20*p**2 - 9*p + 28. Let v(z) = 3*z**3 - 5*z**2 + 2*z - 7. Let m(o) = -2*g(o) - 9*v(o). What is the remainder when m(5) is divided by 2?
1
Suppose -5*o + 0*o + 530 = 5*v, 0 = -4*o + 5*v + 433. What is the remainder when o is divided by (1/((-5)/(-18)))/(8/60)?
26
Calculate the remainder when 54 is divided by 58/4 - 3/6.
12
Suppose -5*g + 42 = -68. What is the remainder when 43